{"id":723,"date":"2026-02-11T15:55:17","date_gmt":"2026-02-11T14:55:17","guid":{"rendered":"https:\/\/www.haras-de-nantes.fr\/academie2\/?page_id=723"},"modified":"2026-03-05T16:27:18","modified_gmt":"2026-03-05T15:27:18","slug":"quatre-outils-pour-reussir-votre-entree-en-formation","status":"publish","type":"page","link":"https:\/\/www.haras-de-nantes.fr\/academie\/quatre-outils-pour-reussir-votre-entree-en-formation\/","title":{"rendered":"Pr\u00e9paration TEP et tests d&rsquo;entr\u00e9e"},"content":{"rendered":"<div>Notre accompagement<\/div>\n<h2>4 outils pour r\u00e9ussir votre entr\u00e9e en formation AE ou BPJEPS<\/h2>\n<ul>\n<li>\n<h3>Pr\u00e9pa TEP<\/h3>\n<p>Tarif : 195\u20ac<\/p>\n<div>\n<p>Cette formation courte comporte 3 jours en pr\u00e9sentiel et un parcours de formation \u00e0 distance. Elle inclue la mise en situation d\u2019examen et vise \u00e0 pr\u00e9parer les candidats \u00e0 r\u00e9ussir les Tests d\u2019Exigences Pr\u00e9alables (TEP) du BPJEPS. Nous vous proposons une approche compl\u00e8te int\u00e9grant la pr\u00e9paration technique, physique et mentale autour des \u00e9preuves des TEP : travail sur le plat, saut d\u2019obstacles et travail \u00e0 pied (longe).<\/p>\n<ul>\n<li>Session Chill \u2013 1er, 22 et 29 mars 2026<\/li>\n<li>Session Flash \u2013 avril 2026<\/li>\n<\/ul>\n<\/div>\n<p><a href=\"https:\/\/docs.google.com\/forms\/d\/e\/1FAIpQLSclxuXfqxbOO1otrvDmrJCac6XhgBl6efR9t3yMfLYHwSWN4w\/viewform?usp=dialog\" target=\"_blank\" rel=\"noopener\">\u00e7a m\u2019interesse<\/a><\/p>\n<\/li>\n<li>\n<h3>\u00c9valuation diagnostique<\/h3>\n<p>47\u20ac \/ s\u00e9ance<\/p>\n<div>\n<div class=\"el-content uk-panel uk-margin-top\">Nos formateurs \u00e9valuent votre niveau et vous indiquent l\u2019\u00e9cart avec les pr\u00e9requis d\u2019entr\u00e9e en formation<\/div>\n<\/div>\n<p><a href=\"https:\/\/docs.google.com\/forms\/d\/e\/1FAIpQLSclxuXfqxbOO1otrvDmrJCac6XhgBl6efR9t3yMfLYHwSWN4w\/viewform?usp=dialog\" target=\"_blank\" rel=\"noopener\">\u00e7a m\u2019interesse<\/a><\/p>\n<\/li>\n<li>\n<h3>Renforcement technique<\/h3>\n<p>\u00e0 partir de 37\u20ac \/ s\u00e9ance<\/p>\n<div>\n<div class=\"el-content uk-panel uk-margin-top\">\n<div class=\"el-content uk-panel uk-margin-top\">Nos forfaits de 3, 6 ou 9 s\u00e9ances vous permettent de renforcer votre niveau \u00e9questre en longe, dressage et CSO.<\/div>\n<\/div>\n<\/div>\n<p><a href=\"https:\/\/docs.google.com\/forms\/d\/e\/1FAIpQLSclxuXfqxbOO1otrvDmrJCac6XhgBl6efR9t3yMfLYHwSWN4w\/viewform?usp=dialog\" target=\"_blank\" rel=\"noopener\">\u00e7a m\u2019interesse<\/a><\/p>\n<\/li>\n<li>\n<h3>Service de Matching<\/h3>\n<p>inclus dans l\u2019inscription<\/p>\n<div>\n<div class=\"el-content uk-panel uk-margin-top\">\n<div class=\"el-content uk-panel uk-margin-top\"><span>Nous mettons \u00e0 votre service notre expert en recrutement et notre plateforme de r\u00e9seau pour vous accompagner dans votre recherche d\u2019entreprise.<\/span><\/div>\n<\/div>\n<\/div>\n<p><a href=\"https:\/\/docs.google.com\/forms\/d\/e\/1FAIpQLSclxuXfqxbOO1otrvDmrJCac6XhgBl6efR9t3yMfLYHwSWN4w\/viewform?usp=dialog\" target=\"_blank\" rel=\"noopener\">\u00e7a m\u2019interesse<\/a><\/p>\n<\/li>\n<\/ul>\n<p><!--more--><br \/>\n<!-- {\"type\":\"layout\",\"children\":[{\"type\":\"section\",\"props\":{\"animation\":\"slide-bottom-medium\",\"animation_delay\":\"5\",\"header_transparent\":true,\"header_transparent_noplaceholder\":false,\"header_transparent_text_color\":\"light\",\"id\":\"typicalday\",\"image\":\"wp-content\/uploads\/2026\/02\/DSC_1530.jpg\",\"image_effect\":\"fixed\",\"image_loading\":true,\"image_parallax_bgy\":\"10vh,-15vh\",\"image_parallax_breakpoint\":\"s\",\"image_parallax_easing\":\"1\",\"image_position\":\"center-center\",\"image_size\":\"cover\",\"image_width\":\"2560\",\"media_overlay\":\"rgba(0, 0, 0, 0.3)\",\"overlap\":true,\"padding_bottom\":\"xlarge\",\"padding_remove_horizontal\":false,\"padding_top\":\"large\",\"style\":\"\",\"title_breakpoint\":\"xl\",\"title_position\":\"top-left\",\"title_rotation\":\"left\",\"vertical_align\":\"\",\"width\":\"default\"},\"children\":[{\"type\":\"row\",\"props\":{\"margin_bottom\":\"large\",\"margin_top\":\"large\"},\"children\":[{\"type\":\"column\",\"props\":{\"image_position\":\"center-center\",\"position_sticky_breakpoint\":\"m\",\"text_color\":\"light\",\"width_medium\":\"1-1\"},\"children\":[{\"type\":\"headline\",\"props\":{\"content\":\"Notre accompagement\",\"image_align\":\"left\",\"image_margin\":\"xsmall\",\"margin_bottom\":\"small\",\"margin_top\":\"small\",\"text_align\":\"center\",\"title_element\":\"div\",\"title_font_family\":\"tertiary\",\"title_style\":\"h2\"}},{\"type\":\"headline\",\"props\":{\"block_align\":\"center\",\"content\":\"4 outils pour r\u00e9ussir votre entr\u00e9e en formation AE ou BPJEPS\",\"image_align\":\"left\",\"image_margin\":\"xsmall\",\"margin_top\":\"remove\",\"text_align\":\"center\",\"title_element\":\"h2\",\"title_style\":\"heading-large\"}}]}]},{\"type\":\"row\",\"children\":[{\"type\":\"column\",\"props\":{\"image_effect\":\"parallax\",\"image_parallax_bgy\":\"140,0\",\"image_parallax_easing\":\"1\",\"image_position\":\"bottom-right\",\"padding\":\"large\",\"position_sticky_breakpoint\":\"m\",\"style\":\"tile-default\",\"width_medium\":\"1-1\"},\"children\":[{\"type\":\"grid\",\"props\":{\"block_align\":\"center\",\"content_column_breakpoint\":\"m\",\"content_margin\":\"remove\",\"filter_align\":\"left\",\"filter_all\":true,\"filter_grid_breakpoint\":\"m\",\"filter_grid_width\":\"auto\",\"filter_position\":\"top\",\"filter_style\":\"tab\",\"grid_default\":\"1\",\"grid_divider\":true,\"grid_medium\":\"\",\"grid_row_gap\":\"large\",\"image_align\":\"top\",\"image_grid_breakpoint\":\"m\",\"image_grid_width\":\"1-2\",\"image_svg_color\":\"emphasis\",\"item_animation\":true,\"lightbox_bg_close\":true,\"link_size\":\"large\",\"link_style\":\"primary\",\"link_target\":true,\"link_text\":\"\u00e7a m\u2019interesse\",\"margin_bottom\":\"default\",\"margin_top\":\"default\",\"maxwidth\":\"xlarge\",\"maxwidth_breakpoint\":\"s\",\"meta_align\":\"below-title\",\"meta_color\":\"primary\",\"meta_element\":\"div\",\"meta_margin\":\"xsmall\",\"meta_margin_auto\":false,\"meta_style\":\"h4\",\"show_content\":true,\"show_hover_image\":true,\"show_hover_video\":true,\"show_image\":true,\"show_link\":true,\"show_meta\":true,\"show_title\":true,\"show_video\":true,\"title_align\":\"top\",\"title_element\":\"h3\",\"title_grid_breakpoint\":\"m\",\"title_grid_width\":\"1-2\",\"title_hover_style\":\"reset\",\"title_style\":\"h1\"},\"children\":[{\"type\":\"grid_item\",\"props\":{\"content\":\"\n\n<p>Cette formation courte comporte 3 jours en pr\u00e9sentiel et un parcours de formation \u00e0 distance. Elle inclue la mise en situation d\u2019examen et vise \u00e0 pr\u00e9parer les candidats \u00e0 r\u00e9ussir les Tests d\u2019Exigences Pr\u00e9alables (TEP) du BPJEPS. Nous vous proposons une approche compl\u00e8te int\u00e9grant la pr\u00e9paration technique, physique et mentale autour des \u00e9preuves des TEP : travail sur le plat, saut d\u2019obstacles et travail \u00e0 pied (longe).<\/p>\n\n\\n\n\n<ul>\\n\n\n<li>Session Chill \u2013 1er, 22 et 29 mars 2026<\/li>\n\n\\n\n\n<li>Session Flash \u2013 avril 2026<\/li>\n\n\\n<\/ul>\n\n\",\"link\":\"https:\/\/docs.google.com\/forms\/d\/e\/1FAIpQLSclxuXfqxbOO1otrvDmrJCac6XhgBl6efR9t3yMfLYHwSWN4w\/viewform?usp=dialog\",\"link_text\":\"\u00e7a m\u2019interesse\",\"meta\":\"Tarif : 195\u20ac\",\"title\":\"Pr\u00e9pa TEP\"}},{\"type\":\"grid_item\",\"props\":{\"content\":\"\n\n<div class=\\\"el-content uk-panel uk-margin-top\\\">Nos formateurs \u00e9valuent votre niveau et vous indiquent l\u2019\u00e9cart avec les pr\u00e9requis d\u2019entr\u00e9e en formation<\/div>\n\n\",\"link\":\"https:\/\/docs.google.com\/forms\/d\/e\/1FAIpQLSclxuXfqxbOO1otrvDmrJCac6XhgBl6efR9t3yMfLYHwSWN4w\/viewform?usp=dialog\",\"meta\":\"47\u20ac \/ s\u00e9ance\",\"title\":\"\u00c9valuation diagnostique\"}},{\"type\":\"grid_item\",\"props\":{\"content\":\"\n\n<div class=\\\"el-content uk-panel uk-margin-top\\\">\\n\n\n<div class=\\\"el-content uk-panel uk-margin-top\\\">Nos forfaits de 3, 6 ou 9 s\u00e9ances vous permettent de renforcer votre niveau \u00e9questre en longe, dressage et CSO.<\/div>\n\n\\n<\/div>\n\n\",\"link\":\"https:\/\/docs.google.com\/forms\/d\/e\/1FAIpQLSclxuXfqxbOO1otrvDmrJCac6XhgBl6efR9t3yMfLYHwSWN4w\/viewform?usp=dialog\",\"meta\":\"\u00e0 partir de 37\u20ac \/ s\u00e9ance\",\"title\":\"Renforcement technique\"}},{\"type\":\"grid_item\",\"props\":{\"content\":\"\n\n<div class=\\\"el-content uk-panel uk-margin-top\\\">\\n\n\n<div class=\\\"el-content uk-panel uk-margin-top\\\"><span>Nous mettons \u00e0 votre service notre expert en recrutement et notre plateforme de r\u00e9seau pour vous accompagner dans votre recherche d\u2019entreprise.<\/span><\/div>\n\n\\n<\/div>\n\n\",\"link\":\"https:\/\/docs.google.com\/forms\/d\/e\/1FAIpQLSclxuXfqxbOO1otrvDmrJCac6XhgBl6efR9t3yMfLYHwSWN4w\/viewform?usp=dialog\",\"meta\":\"inclus dans l\u2019inscription\",\"title\":\"Service de Matching\"}}]}]}]}],\"name\":\"4 outils\"}],\"version\":\"5.0.11\"} --><\/p>\n","protected":false},"excerpt":{"rendered":"<p>Notre accompagement 4 outils pour r\u00e9ussir votre entr\u00e9e en formation AE ou BPJEPS Pr\u00e9pa TEP Tarif : 195\u20ac Cette formation courte comporte 3 jours en pr\u00e9sentiel et un parcours de formation \u00e0 distance. Elle inclue la mise en situation d\u2019examen et vise \u00e0 pr\u00e9parer les candidats \u00e0 r\u00e9ussir les Tests d\u2019Exigences Pr\u00e9alables (TEP) du BPJEPS. [&hellip;]<\/p>\n","protected":false},"author":1,"featured_media":0,"parent":0,"menu_order":0,"comment_status":"closed","ping_status":"closed","template":"","meta":{"footnotes":""},"class_list":["post-723","page","type-page","status-publish","hentry"],"_links":{"self":[{"href":"https:\/\/www.haras-de-nantes.fr\/academie\/wp-json\/wp\/v2\/pages\/723","targetHints":{"allow":["GET"]}}],"collection":[{"href":"https:\/\/www.haras-de-nantes.fr\/academie\/wp-json\/wp\/v2\/pages"}],"about":[{"href":"https:\/\/www.haras-de-nantes.fr\/academie\/wp-json\/wp\/v2\/types\/page"}],"author":[{"embeddable":true,"href":"https:\/\/www.haras-de-nantes.fr\/academie\/wp-json\/wp\/v2\/users\/1"}],"replies":[{"embeddable":true,"href":"https:\/\/www.haras-de-nantes.fr\/academie\/wp-json\/wp\/v2\/comments?post=723"}],"version-history":[{"count":39,"href":"https:\/\/www.haras-de-nantes.fr\/academie\/wp-json\/wp\/v2\/pages\/723\/revisions"}],"predecessor-version":[{"id":1184,"href":"https:\/\/www.haras-de-nantes.fr\/academie\/wp-json\/wp\/v2\/pages\/723\/revisions\/1184"}],"wp:attachment":[{"href":"https:\/\/www.haras-de-nantes.fr\/academie\/wp-json\/wp\/v2\/media?parent=723"}],"curies":[{"name":"wp","href":"https:\/\/api.w.org\/{rel}","templated":true}]}}