{"id":841,"date":"2026-02-18T11:22:46","date_gmt":"2026-02-18T10:22:46","guid":{"rendered":"https:\/\/www.haras-de-nantes.fr\/academie2\/?page_id=841"},"modified":"2026-03-04T17:10:10","modified_gmt":"2026-03-04T16:10:10","slug":"qui-sommes-nous","status":"publish","type":"page","link":"https:\/\/www.haras-de-nantes.fr\/academie\/qui-sommes-nous\/","title":{"rendered":"L&rsquo;Acad\u00e9mie"},"content":{"rendered":"<h1>Qui sommes-nous ?<\/h1>\n<h1>L&rsquo;acad\u00e9mie<\/h1>\n<div>D&rsquo;o\u00f9 nous venous<\/div>\n<h2>Une volont\u00e9 de transmettre<\/h2>\n<div>Haras de Nantes Acad\u00e9mie s\u2019inscrit dans la continuit\u00e9 d\u2019Equus Project, reprenant son h\u00e9ritage avec passion pour \u00e9crire un nouveau chapitre d\u00e9di\u00e9 \u00e0 l\u2019excellence et au respect du cheval. <\/div>\n<ul>\n<li>\n<p>        <img decoding=\"async\" src=\"\/academie2\/wp-content\/uploads\/2026\/02\/PXL_20260212_102133363.PORTRAIT-scaled.jpg\" alt=\"\"><\/p>\n<\/li>\n<li>\n<p>        <img decoding=\"async\" src=\"\/academie2\/wp-content\/uploads\/2026\/02\/DSC_7075.jpg\" alt=\"\"><\/p>\n<\/li>\n<\/ul>\n<p><img decoding=\"async\" src=\"\/academie2\/wp-content\/uploads\/2026\/03\/PXL_20260202_152101340-scaledv2-1.jpg\" alt=\"\"><\/p>\n<div>Fid\u00e8le aux valeurs fondatrices de bien-\u00eatre animal et d\u2019harmonie cavalier-cheval, l\u2019Acad\u00e9mie propose deux formations compl\u00e8tes alliant \u00e9quitation fondamentale et \u00e9thologique, permettant aux futurs professionnels d\u2019acqu\u00e9rir les comp\u00e9tences essentielles \u00e0 une \u00e9quitation juste et bienveillante.<\/div>\n<ul>\n<li>\n<div>Le bien-\u00eatre des chevaux<\/div>\n<\/li>\n<li>\n<div>Un enseignement de qualit\u00e9<\/div>\n<\/li>\n<li>\n<div>Une p\u00e9dagogique pragmatique<\/div>\n<\/li>\n<li>\n<div>L&rsquo;excellence et la performance<\/div>\n<\/li>\n<\/ul>\n<blockquote>\n<p><span>Le cheval doit rester au c\u0153ur de notre m\u00e9tier.<\/span><\/p>\n<footer>\n<p>                <cite>Estelle PEIGNE<\/cite><\/p>\n<\/footer>\n<\/blockquote>\n<div>Notre \u00e9quipe<\/div>\n<h2>Rencontrez une \u00e9quipe qualifi\u00e9e et impliqu\u00e9e<\/h2>\n<ul>\n<li>\n<p>        <img decoding=\"async\" src=\"\/academie2\/wp-content\/uploads\/2026\/02\/20221026_142146-1024x461-1-square-ae7fa2ad1cd51c93b4a1f12bbc00a862-ldj3ozcex7w5.jpg\" alt=\"\"><\/p>\n<div>Kristyna<\/div>\n<p>Directrice de l&rsquo;Acad\u00e9mie<\/p>\n<\/li>\n<li>\n<p>        <img decoding=\"async\" src=\"\/academie2\/wp-content\/uploads\/2026\/02\/PXL_20251013_141401893.PORTRAIT2.jpg\" alt=\"\"><\/p>\n<p><img decoding=\"async\" src=\"\/academie2\/wp-content\/uploads\/2026\/02\/IMG_5415.jpg\" alt><\/p>\n<div>Lucie<\/div>\n<p>Gestion administrative<\/p>\n<\/li>\n<\/ul>\n<ul>\n<li>\n<p>        <img decoding=\"async\" src=\"\/academie2\/wp-content\/uploads\/2026\/02\/estelle-peigne-original.png\" alt=\"\"><\/p>\n<p><img decoding=\"async\" src=\"\/academie2\/wp-content\/uploads\/2026\/02\/estelle-peigne-color-original.png\" alt><\/p>\n<div>Estelle<\/div>\n<p>Coordinatrice de formation<\/p>\n<div>\n<p>Sp\u00e9cialit\u00e9 comp\u00e9tition et dressage<\/p>\n<\/div>\n<\/li>\n<li>\n<p>        <img decoding=\"async\" src=\"\/academie2\/wp-content\/uploads\/2026\/02\/Laury-1.jpg\" alt=\"\"><\/p>\n<p><img decoding=\"async\" src=\"\/academie2\/wp-content\/uploads\/2026\/02\/DSC_0257-1.jpg\" alt><\/p>\n<div>Laury<\/div>\n<p>Enseignante<\/p>\n<div>\n<p>Sp\u00e9cialit\u00e9 \u00e9quitation \u00e9thologique et spectacle<\/p>\n<\/div>\n<\/li>\n<li>\n<p>        <img decoding=\"async\" src=\"\/academie2\/wp-content\/uploads\/2026\/02\/Jerom-C-portrait-1.jpeg\" alt=\"\"><\/p>\n<p><img decoding=\"async\" src=\"\/academie2\/wp-content\/uploads\/2026\/02\/Jerome-C-a-cheval-1.jpeg\" alt><\/p>\n<div>J\u00e9r\u00f4me<\/div>\n<p>Enseignant<\/p>\n<div>\n<p>Sp\u00e9cialit\u00e9 comp\u00e9tions CSO et Hunter<\/p>\n<\/div>\n<\/li>\n<\/ul>\n<p><!--more--><br \/>\n<!-- {\"type\":\"layout\",\"children\":[{\"type\":\"section\",\"props\":{\"header_transparent\":true,\"header_transparent_noplaceholder\":true,\"header_transparent_text_color\":\"light\",\"height\":\"viewport\",\"image\":\"wp-content\/uploads\/2026\/02\/1000047898-scaled.jpg\",\"image_position\":\"center-center\",\"image_size\":\"cover\",\"media_overlay\":\"rgba(0, 0, 0, 0.2)\",\"style\":\"default\",\"text_color\":\"light\",\"title_breakpoint\":\"xl\",\"title_position\":\"top-left\",\"title_rotation\":\"left\",\"vertical_align\":\"middle\",\"width\":\"default\"},\"children\":[{\"type\":\"row\",\"children\":[{\"type\":\"column\",\"props\":{\"image_position\":\"center-center\",\"position_sticky_breakpoint\":\"m\",\"vertical_align\":\"middle\"},\"children\":[{\"type\":\"headline\",\"props\":{\"content\":\"Qui sommes-nous ?\",\"image_align\":\"left\",\"image_margin\":\"xsmall\",\"text_align\":\"center\",\"title_element\":\"h1\",\"title_font_family\":\"tertiary\",\"title_style\":\"heading-small\"}},{\"type\":\"headline\",\"props\":{\"content\":\"L'acad\u00e9mie\",\"image_align\":\"left\",\"image_margin\":\"xsmall\",\"text_align\":\"center\",\"title_element\":\"h1\",\"title_font_family\":\"primary\",\"title_style\":\"heading-2xlarge\"}}]}]}]},{\"type\":\"section\",\"props\":{\"animation\":\"slide-top-medium\",\"image_position\":\"center-center\",\"padding_bottom\":\"large\",\"style\":\"default\",\"title_breakpoint\":\"xl\",\"title_position\":\"top-left\",\"title_rotation\":\"left\",\"vertical_align\":\"\",\"width\":\"large\"},\"children\":[{\"type\":\"row\",\"props\":{\"layout\":\"1-2,1-2\"},\"children\":[{\"type\":\"column\",\"props\":{\"css\":\"@media(min-width: 960px) {\\n\\n    .el-column {\\n        margin-top: 150px;\\n    }\\n\\n}\\n\\n\",\"image_position\":\"center-center\",\"position_sticky_breakpoint\":\"m\",\"width_medium\":\"1-2\"},\"children\":[{\"type\":\"headline\",\"props\":{\"block_align\":\"center\",\"content\":\"D'o\u00f9 nous venous\",\"image_align\":\"left\",\"image_margin\":\"xsmall\",\"margin_bottom\":\"small\",\"margin_top\":\"small\",\"maxwidth\":\"large\",\"text_align\":\"left\",\"text_align_fallback\":\"left\",\"title_color\":\"secondary\",\"title_element\":\"div\",\"title_font_family\":\"tertiary\",\"title_style\":\"h3\"}},{\"type\":\"headline\",\"props\":{\"block_align\":\"center\",\"content\":\"Une volont\u00e9 de transmettre\",\"image_align\":\"left\",\"image_margin\":\"xsmall\",\"margin_bottom\":\"remove\",\"margin_top\":\"remove\",\"maxwidth\":\"large\",\"text_align\":\"left\",\"text_align_fallback\":\"center\",\"title_element\":\"h2\",\"title_style\":\"h1\"}},{\"type\":\"text\",\"props\":{\"block_align\":\"center\",\"column_breakpoint\":\"m\",\"content\":\"Haras de Nantes Acad\u00e9mie s\u2019inscrit dans la continuit\u00e9 d\u2019Equus Project, reprenant son h\u00e9ritage avec passion pour \u00e9crire un nouveau chapitre d\u00e9di\u00e9 \u00e0 l\u2019excellence et au respect du cheval. \",\"margin_bottom\":\"medium\",\"margin_top\":\"small\",\"maxwidth\":\"large\"}},{\"type\":\"gallery\",\"props\":{\"animation\":\"parallax\",\"filter_align\":\"left\",\"filter_all\":true,\"filter_grid_breakpoint\":\"m\",\"filter_grid_width\":\"auto\",\"filter_position\":\"top\",\"filter_style\":\"tab\",\"grid_column_gap\":\"medium\",\"grid_default\":\"2\",\"grid_medium\":\"\",\"image_box_decoration\":\"default\",\"image_box_decoration_inverse\":true,\"image_height\":500,\"image_transition\":\"scale-up\",\"image_width\":350,\"item_animation\":true,\"lightbox_bg_close\":true,\"link_style\":\"default\",\"link_text\":\"Read more\",\"margin_bottom\":\"\",\"margin_top\":\"\",\"meta_align\":\"below-title\",\"meta_element\":\"div\",\"meta_style\":\"text-meta\",\"overlay_hover\":true,\"overlay_mode\":\"cover\",\"overlay_padding\":\"small\",\"overlay_position\":\"center\",\"overlay_style\":\"\",\"overlay_transition\":\"fade\",\"parallax_breakpoint\":\"m\",\"parallax_easing\":\"1\",\"parallax_y\":\"5vh,-3vh\",\"show_content\":true,\"show_hover_image\":true,\"show_hover_video\":true,\"show_link\":true,\"show_meta\":true,\"show_title\":true,\"text_align\":\"center\",\"text_color\":\"light\",\"title_element\":\"h3\",\"title_hover_style\":\"reset\"},\"children\":[{\"type\":\"gallery_item\",\"props\":{\"image\":\"wp-content\/uploads\/2026\/02\/PXL_20260212_102133363.PORTRAIT-scaled.jpg\"}},{\"type\":\"gallery_item\",\"props\":{\"image\":\"wp-content\/uploads\/2026\/02\/DSC_7075.jpg\"}}]}]},{\"type\":\"column\",\"props\":{\"image_position\":\"center-center\",\"order_first\":\"m\",\"padding\":\"large\",\"position_sticky_breakpoint\":\"m\",\"width_medium\":\"1-2\"},\"children\":[{\"type\":\"image\",\"props\":{\"animation\":\"parallax\",\"image\":\"wp-content\/uploads\/2026\/03\/PXL_20260202_152101340-scaledv2-1.jpg\",\"image_box_decoration\":\"default\",\"image_box_decoration_inverse\":true,\"image_height\":800,\"image_svg_color\":\"emphasis\",\"image_width\":\"900\",\"margin_bottom\":\"default\",\"margin_top\":\"default\",\"parallax_breakpoint\":\"m\",\"parallax_easing\":\"1\",\"parallax_y\":\"2vh,-3vh\"}},{\"type\":\"text\",\"props\":{\"block_align\":\"center\",\"column_breakpoint\":\"m\",\"content\":\"Fid\u00e8le aux valeurs fondatrices de bien-\u00eatre animal et d\u2019harmonie cavalier-cheval, l\u2019Acad\u00e9mie propose deux formations compl\u00e8tes alliant \u00e9quitation fondamentale et \u00e9thologique, permettant aux futurs professionnels d\u2019acqu\u00e9rir les comp\u00e9tences essentielles \u00e0 une \u00e9quitation juste et bienveillante.\",\"margin_bottom\":\"remove\",\"margin_top\":\"large\",\"maxwidth\":\"large\"}},{\"type\":\"list\",\"props\":{\"block_align\":\"center\",\"column_breakpoint\":\"m\",\"content_style\":\"h5\",\"icon\":\"minus\",\"image_align\":\"left\",\"image_svg_color\":\"emphasis\",\"image_vertical_align\":true,\"list_element\":\"ul\",\"list_horizontal_separator\":\", \",\"list_type\":\"vertical\",\"margin_bottom\":\"medium\",\"margin_top\":\"medium\",\"maxwidth\":\"large\",\"show_image\":true,\"show_link\":true},\"children\":[{\"type\":\"list_item\",\"props\":{\"content\":\"Le bien-\u00eatre des chevaux\"}},{\"type\":\"list_item\",\"props\":{\"content\":\"Un enseignement de qualit\u00e9\"}},{\"type\":\"list_item\",\"props\":{\"content\":\"Une p\u00e9dagogique pragmatique\"}},{\"type\":\"list_item\",\"props\":{\"content\":\"L'excellence et la performance\"}}]}]}]}],\"name\":\"Philosophy\"},{\"type\":\"section\",\"props\":{\"animation\":\"scale-up\",\"image\":\"wp-content\/uploads\/2026\/02\/DSC_5852-1-scaled.jpg\",\"image_effect\":\"parallax\",\"image_parallax_bgy\":\"5vh,-10vh\",\"image_parallax_breakpoint\":\"s\",\"image_parallax_easing\":\"1\",\"image_position\":\"center-center\",\"image_size\":\"cover\",\"image_width\":\"2560\",\"padding_bottom\":\"xlarge\",\"padding_top\":\"xlarge\",\"style\":\"default\",\"title_breakpoint\":\"xl\",\"title_position\":\"top-left\",\"title_rotation\":\"left\",\"vertical_align\":\"\",\"width\":\"large\"},\"children\":[{\"type\":\"row\",\"props\":{\"layout\":\"1-2,1-2\"},\"children\":[{\"type\":\"column\",\"props\":{\"image_position\":\"center-center\",\"position_sticky_breakpoint\":\"m\",\"width_medium\":\"1-2\"}},{\"type\":\"column\",\"props\":{\"image_position\":\"center-center\",\"padding\":\"large\",\"position_sticky_breakpoint\":\"m\",\"style\":\"tile-default\",\"vertical_align\":\"middle\",\"width_medium\":\"1-2\"},\"children\":[{\"type\":\"quotation\",\"props\":{\"author\":\"Estelle PEIGNE\",\"content\":\"\n\n<p><span>Le cheval doit rester au c\u0153ur de notre m\u00e9tier.<\/span><\/p>\n\n\",\"text_align\":\"center\"}}]}]}],\"name\":\"Quote\"},{\"type\":\"section\",\"props\":{\"animation\":\"slide-top-medium\",\"id\":\"team\",\"image\":\"wp-content\/uploads\/circle-bg-01.svg\",\"image_effect\":\"parallax\",\"image_parallax_bgy\":\"10vh,-15vh\",\"image_parallax_breakpoint\":\"m\",\"image_parallax_easing\":\"1\",\"image_position\":\"center-center\",\"media_visibility\":\"s\",\"padding_top\":\"large\",\"style\":\"default\",\"title_breakpoint\":\"xl\",\"title_position\":\"top-left\",\"title_rotation\":\"left\",\"vertical_align\":\"\",\"width\":\"large\"},\"children\":[{\"type\":\"row\",\"props\":{\"margin_bottom\":\"large\",\"margin_top\":\"xlarge\"},\"children\":[{\"type\":\"column\",\"props\":{\"image_position\":\"center-center\",\"position_sticky_breakpoint\":\"m\",\"width_medium\":\"1-1\"},\"children\":[{\"type\":\"headline\",\"props\":{\"content\":\"Notre \u00e9quipe\",\"image_align\":\"left\",\"image_margin\":\"xsmall\",\"margin_bottom\":\"small\",\"margin_top\":\"small\",\"text_align\":\"center\",\"title_color\":\"primary\",\"title_element\":\"div\",\"title_font_family\":\"tertiary\",\"title_style\":\"h3\"}},{\"type\":\"headline\",\"props\":{\"block_align\":\"center\",\"content\":\"Rencontrez une \u00e9quipe qualifi\u00e9e et impliqu\u00e9e\",\"image_align\":\"left\",\"image_margin\":\"xsmall\",\"margin_bottom\":\"xlarge\",\"margin_top\":\"remove\",\"maxwidth\":\"xlarge\",\"text_align\":\"center\",\"title_element\":\"h2\",\"title_style\":\"heading-medium\"}}]}]},{\"type\":\"row\",\"children\":[{\"type\":\"column\",\"props\":{\"image_position\":\"center-center\",\"position_sticky_breakpoint\":\"m\",\"width_medium\":\"1-1\"},\"children\":[{\"type\":\"grid\",\"props\":{\"block_align\":\"center\",\"content_column_breakpoint\":\"m\",\"content_margin\":\"xsmall\",\"content_style\":\"text-large\",\"filter_align\":\"left\",\"filter_all\":true,\"filter_grid_breakpoint\":\"m\",\"filter_grid_width\":\"auto\",\"filter_position\":\"top\",\"filter_style\":\"tab\",\"grid_column_gap\":\"collapse\",\"grid_default\":\"1\",\"grid_medium\":\"2\",\"grid_row_gap\":\"large\",\"grid_small\":\"2\",\"image_align\":\"top\",\"image_border\":\"circle\",\"image_grid_breakpoint\":\"m\",\"image_grid_width\":\"1-2\",\"image_link\":true,\"image_svg_color\":\"emphasis\",\"image_transition\":\"scale-up\",\"image_width\":\"250\",\"item_animation\":true,\"lightbox_bg_close\":true,\"link_style\":\"default\",\"link_text\":\"Read more\",\"margin_bottom\":\"\",\"margin_top\":\"\",\"maxwidth\":\"2xlarge\",\"meta_align\":\"below-title\",\"meta_color\":\"primary\",\"meta_element\":\"div\",\"meta_margin\":\"small\",\"meta_style\":\"h4\",\"parallax_easing\":\"1\",\"show_content\":true,\"show_hover_image\":true,\"show_hover_video\":true,\"show_image\":true,\"show_link\":true,\"show_meta\":true,\"show_title\":true,\"show_video\":true,\"text_align\":\"center\",\"title_align\":\"top\",\"title_element\":\"div\",\"title_grid_breakpoint\":\"m\",\"title_grid_width\":\"1-2\",\"title_hover_style\":\"reset\",\"title_style\":\"h2\"},\"children\":[{\"type\":\"grid_item\",\"props\":{\"image\":\"wp-content\/uploads\/2026\/02\/20221026_142146-1024x461-1-square-ae7fa2ad1cd51c93b4a1f12bbc00a862-ldj3ozcex7w5.jpg\",\"meta\":\"Directrice de l'Acad\u00e9mie\",\"title\":\"Kristyna\"}},{\"type\":\"grid_item\",\"props\":{\"hover_image\":\"wp-content\/uploads\/2026\/02\/IMG_5415.jpg\",\"image\":\"wp-content\/uploads\/2026\/02\/PXL_20251013_141401893.PORTRAIT2.jpg\",\"meta\":\"Gestion administrative\",\"title\":\"Lucie\"}}]}]}],\"props\":{\"row_gap\":\"small\"}},{\"type\":\"row\",\"children\":[{\"type\":\"column\",\"props\":{\"image_position\":\"center-center\",\"position_sticky_breakpoint\":\"m\"},\"children\":[{\"type\":\"grid\",\"props\":{\"block_align\":\"center\",\"content_column_breakpoint\":\"m\",\"content_margin\":\"xsmall\",\"content_style\":\"text-large\",\"filter_align\":\"left\",\"filter_all\":true,\"filter_grid_breakpoint\":\"m\",\"filter_grid_width\":\"auto\",\"filter_position\":\"top\",\"filter_style\":\"tab\",\"grid_column_gap\":\"large\",\"grid_default\":\"1\",\"grid_medium\":\"3\",\"grid_row_align\":false,\"grid_row_gap\":\"large\",\"grid_small\":\"2\",\"image_align\":\"top\",\"image_border\":\"circle\",\"image_grid_breakpoint\":\"m\",\"image_grid_width\":\"1-2\",\"image_height\":250,\"image_link\":true,\"image_svg_color\":\"emphasis\",\"image_transition\":\"scale-up\",\"image_width\":\"250\",\"item_animation\":true,\"lightbox_bg_close\":true,\"link_style\":\"default\",\"link_text\":\"Read more\",\"margin_bottom\":\"\",\"margin_top\":\"\",\"meta_align\":\"below-title\",\"meta_color\":\"primary\",\"meta_element\":\"div\",\"meta_margin\":\"small\",\"meta_style\":\"h4\",\"parallax_easing\":\"1\",\"show_content\":true,\"show_hover_image\":true,\"show_hover_video\":true,\"show_image\":true,\"show_link\":true,\"show_meta\":true,\"show_title\":true,\"show_video\":true,\"text_align\":\"center\",\"title_align\":\"top\",\"title_element\":\"div\",\"title_grid_breakpoint\":\"m\",\"title_grid_width\":\"1-2\",\"title_hover_style\":\"reset\",\"title_style\":\"h2\"},\"children\":[{\"type\":\"grid_item\",\"props\":{\"content\":\"\n\n<p>Sp\u00e9cialit\u00e9 comp\u00e9tition et dressage<\/p>\n\n\",\"hover_image\":\"wp-content\/uploads\/2026\/02\/estelle-peigne-color-original.png\",\"image\":\"wp-content\/uploads\/2026\/02\/estelle-peigne-original.png\",\"meta\":\"Coordinatrice de formation\",\"title\":\"Estelle\"}},{\"type\":\"grid_item\",\"props\":{\"content\":\"\n\n<p>Sp\u00e9cialit\u00e9 \u00e9quitation \u00e9thologique et spectacle<\/p>\n\n\",\"hover_image\":\"wp-content\/uploads\/2026\/02\/DSC_0257-1.jpg\",\"image\":\"wp-content\/uploads\/2026\/02\/Laury-1.jpg\",\"meta\":\"Enseignante\",\"title\":\"Laury\"}},{\"type\":\"grid_item\",\"props\":{\"content\":\"\n\n<p>Sp\u00e9cialit\u00e9 comp\u00e9tions CSO et Hunter<\/p>\n\n\",\"hover_image\":\"wp-content\/uploads\/2026\/02\/Jerome-C-a-cheval-1.jpeg\",\"image\":\"wp-content\/uploads\/2026\/02\/Jerom-C-portrait-1.jpeg\",\"meta\":\"Enseignant\",\"title\":\"J\u00e9r\u00f4me\"}}]}]}]}],\"name\":\"Team\"},{\"type\":\"section\",\"props\":{\"id\":\"certificates\",\"image_position\":\"center-center\",\"padding_bottom\":\"none\",\"padding_top\":\"xlarge\",\"status\":\"disabled\",\"style\":\"default\",\"title_breakpoint\":\"xl\",\"title_position\":\"top-left\",\"title_rotation\":\"left\",\"vertical_align\":\"\",\"width\":\"large\",\"width_expand\":\"right\"},\"children\":[{\"type\":\"row\",\"props\":{\"column_gap\":\"large\",\"layout\":\"1-3,2-3\",\"row_gap\":\"large\"},\"children\":[{\"type\":\"column\",\"props\":{\"image_position\":\"center-center\",\"position_sticky_breakpoint\":\"m\",\"vertical_align\":\"middle\",\"width_large\":\"1-3\"},\"children\":[{\"type\":\"headline\",\"props\":{\"content\":\"Certificates\",\"image_align\":\"left\",\"image_margin\":\"xsmall\",\"margin_bottom\":\"small\",\"margin_top\":\"small\",\"text_align\":\"left\",\"text_align_breakpoint\":\"l\",\"text_align_fallback\":\"center\",\"title_element\":\"div\",\"title_font_family\":\"tertiary\",\"title_style\":\"h3\"}},{\"type\":\"headline\",\"props\":{\"block_align_breakpoint\":\"l\",\"block_align_fallback\":\"center\",\"content\":\"Some of the Certificates We Received in the Last Few Years\",\"image_align\":\"left\",\"image_margin\":\"xsmall\",\"margin_top\":\"remove\",\"maxwidth\":\"xlarge\",\"text_align\":\"left\",\"text_align_breakpoint\":\"l\",\"text_align_fallback\":\"center\",\"title_element\":\"h2\"}}]},{\"type\":\"column\",\"props\":{\"image_position\":\"center-center\",\"position_sticky_breakpoint\":\"m\",\"width_large\":\"2-3\"},\"children\":[{\"type\":\"grid\",\"props\":{\"content_column_breakpoint\":\"m\",\"filter_align\":\"left\",\"filter_all\":true,\"filter_grid_breakpoint\":\"m\",\"filter_grid_width\":\"auto\",\"filter_position\":\"top\",\"filter_style\":\"tab\",\"grid_default\":\"1\",\"grid_medium\":\"\",\"grid_small\":\"3\",\"image_align\":\"top\",\"image_grid_breakpoint\":\"m\",\"image_grid_width\":\"1-2\",\"image_svg_color\":\"emphasis\",\"image_svg_inline\":true,\"item_animation\":true,\"lightbox_bg_close\":true,\"link_style\":\"default\",\"link_text\":\"Read more\",\"margin_bottom\":\"default\",\"margin_top\":\"default\",\"meta_align\":\"below-title\",\"meta_element\":\"div\",\"meta_style\":\"text-meta\",\"panel_padding\":\"default\",\"panel_style\":\"card-default\",\"parallax_easing\":\"1\",\"show_content\":true,\"show_hover_image\":true,\"show_hover_video\":true,\"show_image\":true,\"show_link\":true,\"show_meta\":true,\"show_title\":true,\"show_video\":true,\"text_align\":\"center\",\"title_align\":\"top\",\"title_element\":\"h3\",\"title_grid_breakpoint\":\"m\",\"title_grid_width\":\"1-2\",\"title_hover_style\":\"reset\",\"title_style\":\"h6\"},\"children\":[{\"type\":\"grid_item\",\"props\":{\"image\":\"wp-content\/uploads\/about-us-certificates-01.svg\",\"title\":\"Best Surf School 2018 \"}},{\"type\":\"grid_item\",\"props\":{\"image\":\"wp-content\/uploads\/about-us-certificates-02.svg\",\"meta\":\"\",\"title\":\"European Surfing Association\"}},{\"type\":\"grid_item\",\"props\":{\"image\":\"wp-content\/uploads\/about-us-certificates-03.svg\",\"title\":\"Certificate of Excellence 2018\"}}]}]}]}],\"name\":\"Certificates\"},{\"type\":\"section\",\"props\":{\"height\":\"pixels\",\"height_viewport\":500,\"image\":\"wp-content\/uploads\/2026\/02\/DSC_0113-scaled-1.jpg\",\"image_height\":800,\"image_position\":\"top-center\",\"image_size\":\"cover\",\"padding_bottom\":\"none\",\"style\":\"default\",\"title_breakpoint\":\"xl\",\"title_position\":\"top-left\",\"title_rotation\":\"left\",\"vertical_align\":\"\",\"width\":\"\"},\"children\":[{\"type\":\"row\",\"children\":[{\"type\":\"column\",\"props\":{\"image_position\":\"center-center\",\"position_sticky_breakpoint\":\"m\"}}]}],\"name\":\"Image\"}],\"version\":\"5.0.11\"} --><\/p>\n","protected":false},"excerpt":{"rendered":"<p>Qui sommes-nous ? L&rsquo;acad\u00e9mie D&rsquo;o\u00f9 nous venous Une volont\u00e9 de transmettre Haras de Nantes Acad\u00e9mie s\u2019inscrit dans la continuit\u00e9 d\u2019Equus Project, reprenant son h\u00e9ritage avec passion pour \u00e9crire un nouveau chapitre d\u00e9di\u00e9 \u00e0 l\u2019excellence et au respect du cheval. Fid\u00e8le aux valeurs fondatrices de bien-\u00eatre animal et d\u2019harmonie cavalier-cheval, l\u2019Acad\u00e9mie propose deux formations compl\u00e8tes alliant [&hellip;]<\/p>\n","protected":false},"author":1,"featured_media":0,"parent":0,"menu_order":0,"comment_status":"closed","ping_status":"closed","template":"","meta":{"footnotes":""},"class_list":["post-841","page","type-page","status-publish","hentry"],"_links":{"self":[{"href":"https:\/\/www.haras-de-nantes.fr\/academie\/wp-json\/wp\/v2\/pages\/841","targetHints":{"allow":["GET"]}}],"collection":[{"href":"https:\/\/www.haras-de-nantes.fr\/academie\/wp-json\/wp\/v2\/pages"}],"about":[{"href":"https:\/\/www.haras-de-nantes.fr\/academie\/wp-json\/wp\/v2\/types\/page"}],"author":[{"embeddable":true,"href":"https:\/\/www.haras-de-nantes.fr\/academie\/wp-json\/wp\/v2\/users\/1"}],"replies":[{"embeddable":true,"href":"https:\/\/www.haras-de-nantes.fr\/academie\/wp-json\/wp\/v2\/comments?post=841"}],"version-history":[{"count":27,"href":"https:\/\/www.haras-de-nantes.fr\/academie\/wp-json\/wp\/v2\/pages\/841\/revisions"}],"predecessor-version":[{"id":1188,"href":"https:\/\/www.haras-de-nantes.fr\/academie\/wp-json\/wp\/v2\/pages\/841\/revisions\/1188"}],"wp:attachment":[{"href":"https:\/\/www.haras-de-nantes.fr\/academie\/wp-json\/wp\/v2\/media?parent=841"}],"curies":[{"name":"wp","href":"https:\/\/api.w.org\/{rel}","templated":true}]}}